List the prime factors of x.
3
Let z = 18 - 8. Let l = 12 - z. Suppose -h = -2*n + 2 - 3, l*h - 20 = -2*n. List the prime factors of h.
7
Let l be (1/(-3))/((-1)/9). Suppose 3*p + 3 = 5*q, p - 11 = -l*q + 2. Let x = q - -6. What are the prime factors of x?
3
Suppose q = 35 + 6. What are the prime factors of q?
41
Suppose 4*k = k - 2*v + 317, k - 123 = -5*v. List the prime factors of k.
103
Let v(y) = -y**2 - 7*y + 6. List the prime factors of v(-7).
2, 3
Let r(t) = -t**3 + 4*t**2 + 5*t + 3. Let f = 27 + -22. What are the prime factors of r(f)?
3
Let v be 1 - 3/(6 + -3). Suppose 0*l = 3*l + 2*w - 66, -4*l + 2*w + 74 = v. What are the prime factors of l?
2, 5
Let h(s) = -2*s. Let d(p) = 3*p - 3. Let f be d(3). Suppose -5 = -5*v + 5*c, -2*v + f + 2 = -5*c. List the prime factors of h(v).
2
Suppose -2*l = -l - 9. Let j = 12 - l. Suppose -26 = -5*t - 2*p, 3*t - 5*p = -j*p + 22. List the prime factors of t.
2, 3
Let t(h) = h**2 + 9*h + 3. Let u be t(-9). Suppose -u*s = 2*s - 45. Let c = -7 + s. What are the prime factors of c?
2
Let w = -8 - -13. Suppose w*z - 5*q = 2*z + 14, 2*q = -2. What are the prime factors of z?
3
Suppose p = 6*p - 485. What are the prime factors of p?
97
What are the prime factors of 2*-18*(-1)/4?
3
Suppose 0 = -4*o + 3*m - 16, 0 = -2*o + m + 2*m - 8. Let d = -1 - o. What are the prime factors of (-6)/(-4)*20/d?
2, 5
Let r(t) be the first derivative of -5*t - 1/4*t**4 - 1/2*t**2 + 5/3*t**3 + 2. List the prime factors of r(4).
7
Let d = 72 + -33. List the prime factors of d.
3, 13
Let n = -16 - -4. Let u be 3*-3*2/3. Let h = u - n. List the prime factors of h.
2, 3
Suppose -2*z + 5 = -5. Suppose -2*g = -z*b - 36, 2*b - b = -3*g + 71. List the prime factors of g.
23
Let k = -88 + 112. List the prime factors of k.
2, 3
Suppose 0 = 3*t + 2*t - 30. Let f = 34 - -23. Suppose -f = -t*x + 3*x. List the prime factors of x.
19
Suppose n - 6 - 4 = 0. Suppose -n = -k - k. What are the prime factors of k?
5
Let n(r) = -r - 15. Let x be n(-11). List the prime factors of (-345)/(-12) + x/(-16).
29
Suppose -5*m - 91 = -356. What are the prime factors of m?
53
Suppose 4*n - u + 4 = -6*u, -3*n + 8 = u. Suppose -w = -n*w + 138. What are the prime factors of w?
2, 23
Suppose 62 = 3*k - 97. List the prime factors of k.
53
List the prime factors of (-6)/(-9) + (-361)/(-3).
11
Suppose 0 = -5*i - 252 + 1367. List the prime factors of i.
223
Let i(b) = 5*b - 17. List the prime factors of i(15).
2, 29
Suppose -3*z = v - 7 - 9, 3*v - 23 = -4*z. Suppose 4*h - 99 = z. What are the prime factors of h?
2, 13
Suppose 0 = -3*q + 20 + 67. List the prime factors of q.
29
Let v = 21 + -13. What are the prime factors of v?
2
Let r = -9 - -10. What are the prime factors of 15/r + (0 - -2)?
17
Suppose 4*q - 3 = -3*l, -1 = -q - 3*l - 7. Suppose -37 = -q*m + 20. What are the prime factors of m?
19
Let m(j) = 2*j - 3*j - 2*j - 3 + 6*j. Let p(f) = 1. Let s(d) = m(d) - 3*p(d). What are the prime factors of s(4)?
2, 3
Suppose 7 = 2*v + 5*r - 58, -3*v - 5*r + 90 = 0. What are the prime factors of v?
5
Let n(r) = 5*r + 6. Let x be n(11). Suppose -2*k - 7*o + 4*o + 20 = 0, -2*o + x = 5*k. Let f = k + 0. What are the prime factors of f?
13
Let s = -77 - -226. Suppose 5*n - s = -4*d, -2*d + 142 = 2*d - 2*n. What are the prime factors of d?
2, 3
Suppose 0 = 4*z - 16, -3*z + 2*z - 211 = 5*l. Let y = l + 88. What are the prime factors of y?
3, 5
Suppose 0 = 5*n + 4*f - 151, -n + 19 = -3*f + f. Suppose -m = 2*m - n. What are the prime factors of m?
3
Let k(s) = -4*s**3 - 2*s**2 + 3*s - 2. Let i be k(2). List the prime factors of ((-11)/33)/(2/i).
2, 3
Let i = 15 - -38. What are the prime factors of i?
53
Let m(y) = -y + 1. Let k be m(-3). Suppose -c + 65 = k*c. List the prime factors of c.
13
Let b = -217 + 424. What are the prime factors of b?
3, 23
Let c(z) = z + 4. Let g be c(-8). Let j = 7 - g. What are the prime factors of j?
11
Let b(n) = -n**2 - 5*n - 2. Let j be b(-3). Suppose -j*r + 19 = 3. Suppose k - 43 = -3*h + 3*k, -r*h - k = -39. List the prime factors of h.
11
Let c(h) = -h**2 - 5*h - 3. Let r be c(-3). Let k be 1 - (r - (0 + 3)). Suppose 3 = y + k. List the prime factors of y.
2
Let p(a) = -a + 78. Let o be p(0). Suppose l + 2*l = o. What are the prime factors of l?
2, 13
Suppose 0 = -5*h + 70. What are the prime factors of (24/h)/((-8)/(-28))?
2, 3
Let g(u) = 3*u + 8. Let o(k) = -7*k - 16. Let y(v) = 9*g(v) + 4*o(v). Let b be y(7). List the prime factors of b/2 - 34/(-4).
3
Suppose 2*j - 265 = -5*c - 0*j, 0 = -4*j - 20. List the prime factors of c.
5, 11
Suppose 0 = -z + 4*z + 6. What are the prime factors of (-3)/z*68/6?
17
Let z(u) = -u**3 + u**2 - u + 4. Let j be z(0). Let f be (-2)/j - (-22)/4. Suppose f*r + 41 = 131. List the prime factors of r.
2, 3
Suppose 11*f - 264 = -f. What are the prime factors of f?
2, 11
Let p(u) = 8*u - 25. What are the prime factors of p(5)?
3, 5
Suppose -3*q + v = 7, q - v + 2*v + 5 = 0. Let w be 3 + q + 0 + 1. List the prime factors of (w - -4)*(0 - -1).
5
Suppose 211 = 3*g + 2*p - 3*p, 3*g = 5*p + 227. List the prime factors of g.
3, 23
Suppose 3*r - 2*r = 4*g - 110, 5*g - 133 = -r. Let k = -18 + g. What are the prime factors of k?
3
Let z = 7 + -3. Let u = -10 + z. Let w = 2 - u. List the prime factors of w.
2
What are the prime factors of 0 - (-255 - 4) - -3?
2, 131
Let v(b) = b**2 - 2*b - 8. What are the prime factors of v(7)?
3
Suppose s - 3*b - 15 = 0, 2*s - 2*b + 30 = 3*s. Let z = -2 + 5. Suppose -h = -z*h + s. What are the prime factors of h?
2, 3
Let z(v) = 7*v + 2. Let g be z(9). Suppose b + g = 6*b. List the prime factors of b.
13
Let k(o) = -9*o**2 - 4 - 5*o + 2 + o**3 + 3*o. Let q be k(9). What are the prime factors of (-108)/(-5) + (-8)/q?
2, 11
Let r(y) = -y**3 + 4*y**2 + 3*y + 10. Let b be r(5). Suppose 3*s - 65 - 34 = b. What are the prime factors of s?
3, 11
Suppose -5*t - 199 + 924 = 0. List the prime factors of t.
5, 29
What are the prime factors of (-2 + (4 - -12))/(4/22)?
7, 11
Suppose -4*f + 9 = -39. Suppose -4*k = 3*r - 46, r + 3*k - f = -0*r. List the prime factors of r.
2, 3
Suppose 5*x - 4*f = f + 100, -2*x + 41 = -f. What are the prime factors of x?
3, 7
Suppose 3*g = -4*f, 4*g + f + 4 = -3*f. What are the prime factors of (-8)/g + 5*3?
17
Let s be (-4)/5*(-5)/2. Let l(y) = y - s - 2 + y. What are the prime factors of l(6)?
2
Suppose 6*i - 3*h + 15 = 3*i, -4*h - 60 = 4*i. Let q = 5 - i. List the prime factors of q.
3, 5
Let b(i) = -2*i**2 + 4*i + 1. Let h be b(4). Let t be (-4)/(-10) + (-69)/h. Let p = t - -4. List the prime factors of p.
3
Suppose 2*b - 4*m + 3 = 57, 5*m = -5. What are the prime factors of b?
5
Suppose g - 154 + 2 = 0. List the prime factors of g.
2, 19
Let v = 1 - 0. Let z(j) = -2 - 2 + 0 + 5*j + v - j**2. What are the prime factors of z(3)?
3
Suppose -w = -5*w. Suppose 3*v + 2*f = 101, -3*v + 5*f + 46 = -48. Suppose w*j + 3*j = v. List the prime factors of j.
11
Suppose 0 = -4*n + 12, -3*s - 2*n + 4*n = -27. Suppose 41 = 4*d - s. What are the prime factors of d?
13
List the prime factors of (-13*2)/((-12)/18).
3, 13
Let r = -36 + 16. Let c = 38 + r. What are the prime factors of c?
2, 3
Let i = -29 + 97. What are the prime factors of i?
2, 17
Let b be 3 - (-3 + 4 + 0). Let n be 0/1 + 6/b. Suppose -2 = n*w - 4*p, -4*w + 2*p = w - 6. List the prime factors of w.
2
Let f(y) = -29*y + 11. What are the prime factors of f(-5)?
2, 3, 13
Let y(v) = v**2 + v - 16. Let j be y(-5). Let g be 233/5 + (-2)/(-5). Suppose -2*o + 10 = 0, -4*m + g = j*o - o. What are the prime factors of m?
2
Let l be (198/(-4))/(3/(-4)). Suppose 0 = 3*i - l + 18. What are the prime factors of i?
2
Let q = 27 - 16. List the prime factors of q.
11
Let t(o) = -31*o - 21. List the prime factors of t(-4).
103
Let u = 44 - 2. What are the prime factors of u?
2, 3, 7
Suppose 6 = q - 30. List the prime factors of q.
2, 3
What are the prime factors of (-1)/(105/36 + -3)?
2, 3
Suppose 1689 = 6*s - 501. List the prime factors of s.
5, 73
Suppose -17*l = -20*l + 24. List the prime factors of l.
2
Let f(x) be the first derivative of -x**3/3 - 2*x**2 + x + 1. Let h be f(-4). Let i(o) = 11*o - 1. List the prime factors of i(h).
2, 5
Let n be (-1)/(2/12*-1). Let b(a) = 2*a - 7. Let z be b(n). Let h = z - 3. List the prime fa